r when 5470 is divided by 2678.
114
Calculate the remainder when 28744318 is divided by 41.
38
Calculate the remainder when 512672 is divided by 4497.
14
Calculate the remainder when 216552 is divided by 1406.
28
Calculate the remainder when 2380958 is divided by 37.
8
What is the remainder when 6916032 is divided by 30201?
3
Calculate the remainder when 900572 is divided by 140.
92
What is the remainder when 246581 is divided by 80401?
5378
Calculate the remainder when 3061436 is divided by 36875.
811
Calculate the remainder when 503757695 is divided by 1792732.
3
What is the remainder when 23245607 is divided by 21?
14
Calculate the remainder when 11819608 is divided by 1257.
37
What is the remainder when 30643666 is divided by 12?
10
What is the remainder when 738001 is divided by 56749?
264
What is the remainder when 11402900 is divided by 10100?
0
Calculate the remainder when 6265496 is divided by 2656.
2648
Calculate the remainder when 33482927 is divided by 183972.
23
What is the remainder when 887999 is divided by 7721?
84
Calculate the remainder when 23123 is divided by 1001.
100
Calculate the remainder when 57785903 is divided by 91.
84
Calculate the remainder when 196164 is divided by 6127.
100
Calculate the remainder when 4295 is divided by 3320.
975
What is the remainder when 277439 is divided by 1055?
1029
Calculate the remainder when 23368909 is divided by 1959.
1957
Calculate the remainder when 38702368 is divided by 2273.
2270
What is the remainder when 17386765 is divided by 3752?
3749
Calculate the remainder when 142595 is divided by 1124.
971
What is the remainder when 62308 is divided by 1228?
908
What is the remainder when 343020 is divided by 111882?
7374
What is the remainder when 9506213 is divided by 243749?
2
Calculate the remainder when 88144029 is divided by 2568.
2565
Calculate the remainder when 170906 is divided by 8982.
248
Calculate the remainder when 9498 is divided by 2349.
102
What is the remainder when 31351072 is divided by 2249?
12
What is the remainder when 666783 is divided by 333358?
67
Calculate the remainder when 314451 is divided by 6349.
3350
What is the remainder when 20529316 is divided by 785?
781
What is the remainder when 152024 is divided by 1111?
928
What is the remainder when 110562 is divided by 159?
57
Calculate the remainder when 39838 is divided by 198.
40
What is the remainder when 34179 is divided by 190?
169
What is the remainder when 60266 is divided by 28828?
2610
Calculate the remainder when 162896 is divided by 2196.
392
Calculate the remainder when 35610722 is divided by 58.
56
Calculate the remainder when 1865203 is divided by 106.
27
What is the remainder when 11666788 is divided by 90?
88
Calculate the remainder when 4203906 is divided by 467098.
24
What is the remainder when 14271742 is divided by 136?
38
What is the remainder when 10366268 is divided by 2733?
2732
Calculate the remainder when 2731903 is divided by 86.
27
What is the remainder when 14212381 is divided by 32?
29
What is the remainder when 25248891 is divided by 1413?
1407
Calculate the remainder when 105819213 is divided by 4912.
4909
What is the remainder when 48862132 is divided by 168?
4
Calculate the remainder when 8324599 is divided by 1387430.
19
Calculate the remainder when 14065 is divided by 316.
161
Calculate the remainder when 3895991 is divided by 1108.
263
Calculate the remainder when 94844 is divided by 1368.
452
What is the remainder when 3044396 is divided by 202956?
56
What is the remainder when 415104 is divided by 207533?
38
What is the remainder when 24842 is divided by 242?
158
Calculate the remainder when 6010787 is divided by 20.
7
Calculate the remainder when 895802 is divided by 35.
12
What is the remainder when 107609 is divided by 2239?
137
Calculate the remainder when 2046689 is divided by 682210.
59
What is the remainder when 72300 is divided by 285?
195
What is the remainder when 57247 is divided by 2413?
1748
What is the remainder when 737867 is divided by 833?
662
What is the remainder when 2349772 is divided by 2894?
2738
Calculate the remainder when 3257707 is divided by 2837.
831
Calculate the remainder when 383277 is divided by 750.
27
What is the remainder when 4092741 is divided by 433?
25
Calculate the remainder when 9733790 is divided by 347635.
10
What is the remainder when 39045089 is divided by 328?
297
What is the remainder when 818059 is divided by 104?
99
Calculate the remainder when 516966 is divided by 258475.
16
What is the remainder when 407266 is divided by 4242?
34
What is the remainder when 6048468 is divided by 302420?
68
Calculate the remainder when 575084 is divided by 125.
84
Calculate the remainder when 42860 is divided by 3059.
34
Calculate the remainder when 79350 is divided by 45.
15
Calculate the remainder when 15756515 is divided by 285.
5
Calculate the remainder when 17173 is divided by 5395.
988
What is the remainder when 97262 is divided by 10075?
6587
Calculate the remainder when 2026178 is divided by 12663.
98
Calculate the remainder when 307201 is divided by 7.
6
Calculate the remainder when 1071864 is divided by 153111.
87
What is the remainder when 102476 is divided by 524?
296
What is the remainder when 1983812 is divided by 226?
210
What is the remainder when 3317318 is divided by 1265?
488
What is the remainder when 4565065 is divided by 33080?
25
Calculate the remainder when 148878 is divided by 23.
22
Calculate the remainder when 6404306 is divided by 786.
764
Calculate the remainder when 91853 is divided by 60.
53
What is the remainder when 48005420 is divided by 1022?
36
What is the remainder when 2275 is divided by 112?
35
What is the remainder when 6165706 is divided by 78?
40
What is the remainder when 31387614 is divided by 44?
38
Calculate the remainder when 45462 is divided by 990.
912
Calculate the remainder when 91335 is divided by 27.
21
Calculate the remainder when 21227 is divided by 3942.
1517
Calculate the remainder when 1633083 is divided by 4.
3
What is the remainder when 1492827 is divided by 4205?
52
Calculate the remainder when 1692333 is divided by 2192.
109
What is the remainder when 58362 is divided by 5825?
112
What is the remainder when 319884 is divided by 63636?
1704
What is the remainder when 1735629 is divided by 102086?
167
What is the remainder when 404958 is divided by 317?
149
What is the remainder when 4311642 is divided by 80?
42
What is the remainder when 541971 is divided by 36049?
1236
Calculate the remainder when 2792891 is divided by 111.
20
Calculate the remainder when 404236 is divided by 506.
448
What is the remainder when 16490322 is divided by 5?
2
Calculate the remainder when 20965 is divided by 66.
43
Calculate the remainder when 1849922 is divided by 26.
22
What is the remainder when 9787784 is divided by 42?
20
What is the remainder when 645041525 is divided by 9798?
9791
What is the remainder when 10196 is divided by 162?
152
What is the remainder when 6303390 is divided by 1010?
990
What is the remainder when 2065675 is divided by 40?
35
What is the remainder when 1665697 is divided by 277602?
85
What is the remainder when 1470789 is divided by 899?
25
What is the remainder when 4434122 is divided by 4360?
2
What is the remainder when 56157347 is divided by 2554?
2549
Calculate the remainder when 381174 is divided by 215.
194
Calculate the remainder when 3544011 is divided by 1181321.
48
Calculate the remainder when 40589 is divided by 56.
45
What is the remainder when 46223528 is divided by 84?
8
What is the remainder when 22900451 is divided by 2723?
21
What is the remainder when 925445 is divided by 723?
5
Calculate the remainder when 9729 is divided by 314.
309
What is the remainder when 33172206 is divided by 8?
6
Calculate the remainder when 36583161 is divided by 77.
76
Calculate the remainder when 149734 is divided by 20913.
3343
Calculate the remainder when 744013 is divided by 148759.
218
What is the remainder when 93943222 is divided by 2397?
2395
Calculate the remainder when 718302 is divided by 239197.
711
Calculate the remainder when 314382383 is divided by 982.
975
What is the remainder when 3659247 is divided by 25410?
207
What is the remainder when 116812 is div